is the hundreds digit of 263892950?
9
What is the units digit of 350477760?
0
What is the units digit of 52672660?
0
What is the ten millions digit of 2322298756?
2
What is the ten thousands digit of 39245581?
4
What is the units digit of 342293770?
0
What is the ten millions digit of 2717319265?
1
What is the tens digit of 94447532?
3
What is the tens digit of 1260837664?
6
What is the units digit of 71484413?
3
What is the millions digit of 170454734?
0
What is the ten millions digit of 335970408?
3
What is the tens digit of 168771487?
8
What is the hundred thousands digit of 83012968?
0
What is the millions digit of 86115542?
6
What is the hundred millions digit of 1177876072?
1
What is the ten thousands digit of 19054961?
5
What is the ten thousands digit of 153393266?
9
What is the ten millions digit of 33934373?
3
What is the ten thousands digit of 390014817?
1
What is the hundred thousands digit of 33509260?
5
What is the units digit of 4826002?
2
What is the thousands digit of 30446235?
6
What is the units digit of 250285601?
1
What is the tens digit of 2395489890?
9
What is the billions digit of 1660564984?
1
What is the ten thousands digit of 1307446501?
4
What is the hundred thousands digit of 51203685?
2
What is the ten thousands digit of 2357935869?
3
What is the ten thousands digit of 253670907?
7
What is the ten thousands digit of 1765013754?
1
What is the thousands digit of 958267731?
7
What is the millions digit of 68951071?
8
What is the thousands digit of 1108422311?
2
What is the thousands digit of 45149035?
9
What is the ten thousands digit of 1075620732?
2
What is the ten thousands digit of 16795562?
9
What is the hundred thousands digit of 512303526?
3
What is the ten thousands digit of 99287053?
8
What is the hundred thousands digit of 138708596?
7
What is the ten millions digit of 702324187?
0
What is the ten thousands digit of 287348028?
4
What is the ten millions digit of 856728341?
5
What is the ten thousands digit of 7395678?
9
What is the units digit of 5324927?
7
What is the hundred thousands digit of 592774736?
7
What is the ten thousands digit of 2279977145?
7
What is the hundred millions digit of 890572035?
8
What is the hundred millions digit of 461331172?
4
What is the ten millions digit of 132868137?
3
What is the units digit of 81958476?
6
What is the thousands digit of 1465730210?
0
What is the thousands digit of 132979278?
9
What is the hundreds digit of 306133607?
6
What is the ten thousands digit of 630303588?
0
What is the ten thousands digit of 152113869?
1
What is the billions digit of 3471245853?
3
What is the hundreds digit of 235041479?
4
What is the hundreds digit of 58891142?
1
What is the units digit of 17514037?
7
What is the millions digit of 63280942?
3
What is the millions digit of 101119072?
1
What is the hundred millions digit of 129674242?
1
What is the tens digit of 1829230513?
1
What is the ten thousands digit of 379969245?
6
What is the units digit of 6547641834?
4
What is the ten millions digit of 112168176?
1
What is the tens digit of 1932579855?
5
What is the ten millions digit of 183671665?
8
What is the millions digit of 244839155?
4
What is the thousands digit of 6203140625?
0
What is the thousands digit of 269093291?
3
What is the ten thousands digit of 4895919666?
1
What is the hundreds digit of 91565851?
8
What is the units digit of 39507218?
8
What is the millions digit of 1551794405?
1
What is the tens digit of 20835685?
8
What is the hundred thousands digit of 120676929?
6
What is the hundreds digit of 4600266280?
2
What is the hundreds digit of 10771082?
0
What is the ten millions digit of 8256818751?
5
What is the millions digit of 16537278?
6
What is the tens digit of 2185252579?
7
What is the thousands digit of 559416889?
6
What is the hundred thousands digit of 103968199?
9
What is the millions digit of 346617602?
6
What is the hundreds digit of 17952339?
3
What is the hundred millions digit of 2089140984?
0
What is the tens digit of 184909934?
3
What is the hundreds digit of 5718623368?
3
What is the hundreds digit of 523827781?
7
What is the thousands digit of 77014085?
4
What is the ten millions digit of 58576662?
5
What is the ten thousands digit of 4709310633?
1
What is the tens digit of 1145259246?
4
What is the ten thousands digit of 11188423?
8
What is the hundreds digit of 49293138?
1
What is the ten thousands digit of 37674223?
7
What is the ten millions digit of 556329714?
5
What is the hundred millions digit of 469167447?
4
What is the tens digit of 560024658?
5
What is the millions digit of 3636798780?
6
What is the ten thousands digit of 31034946?
3
What is the ten thousands digit of 34779327?
7
What is the hundreds digit of 453168112?
1
What is the ten thousands digit of 6158031194?
3
What is the hundreds digit of 37366513?
5
What is the hundred millions digit of 105579692?
1
What is the ten millions digit of 299154406?
9
What is the units digit of 386912848?
8
What is the millions digit of 84153624?
4
What is the units digit of 11415966?
6
What is the millions digit of 1630958559?
0
What is the millions digit of 80829798?
0
What is the hundred millions digit of 200282714?
2
What is the thousands digit of 133500843?
0
What is the millions digit of 111609319?
1
What is the tens digit of 75775824?
2
What is the ten thousands digit of 368834175?
3
What is the hundreds digit of 18694156?
1
What is the millions digit of 1148212175?
8
What is the ten millions digit of 58011986?
5
What is the units digit of 46835618?
8
What is the hundreds digit of 193291470?
4
What is the ten thousands digit of 104746474?
4
What is the hundred thousands digit of 59449377?
4
What is the thousands digit of 384052469?
2
What is the hundred millions digit of 124900531?
1
What is the thousands digit of 8039878710?
8
What is the ten millions digit of 212080564?
1
What is the billions digit of 3506470662?
3
What is the thousands digit of 110246376?
6
What is the units digit of 322836504?
4
What is the hundreds digit of 13384187?
1
What is the ten millions digit of 12669445?
1
What is the millions digit of 294564990?
4
What is the millions digit of 11545335?
1
What is the hundred thousands digit of 96592078?
5
What is the ten millions digit of 11122721?
1
What is the hundred thousands digit of 4729335?
7
What is the hundreds digit of 3495299522?
5
What is the tens digit of 1039749026?
2
What is the units digit of 24718423?
3
What is the hundreds digit of 379283277?
2
What is the hundreds digit of 482137870?
8
What is the units digit of 671312287?
7
What is the hundreds digit of 1282513064?
0
What is the hundred millions digit of 1838883701?
8
What is the hundred millions digit of 146243090?
1
What is the units digit of 411276210?
0
What is the thousands digit of 503457736?
7
What is the units digit of 20765640?
0
What is the ten thousands digit of 776008297?
0
What is the units digit of 2014834?
4
What is the hundreds digit of 500029497?
4
What is the hundred thousands digit of 110936242?
9
What is the tens digit of 896036701?
0
What is the hundred thousands digit of 2843214245?
2
What is the tens digit of 172424389?
8
What is the hundred millions digit of 2278608156?
2
What is the thousands digit of 827033481?
3
What is the ten millions digit of 2332726253?
3
What is the ten thousands digit of 86951118?
5
What is the hundred millions digit of 3583031926?
5
What is the hundreds digit of 169396086?
0
What is the hundreds digit of 21141953?
9
What is the thousands digit of 10355651?
5
What is the thousands digit of 810227323?
7
What is the tens digit of 61018031?
3
What is the hundred thousands digit of 136222583?
2
What is the tens digit of 89064357?
5
What is the hundred millions digit of 131937330?
1
What is the thousands digit of 1837514924?
4
What is the ten thousands digit of 3616177?
1
What is the units digit of 359865930?
0
What is the hundreds digit of 25782277?
2
What is the units digit of 83989830?
0
What is the thousands digit of 2111782952?
2
What is the hundreds digit of 5568417325?
3
What is the hundreds digit of 5156881900?
9
What is the hundred millions digit of 108065375?
1
What is the ten millions digit of 699012456?
9
What is the thousands digit of 6423265109?